25?
8
What is the remainder when 2322 is divided by 7?
5
Calculate the remainder when 3676 is divided by 16.
12
Calculate the remainder when 296 is divided by 150.
146
Calculate the remainder when 1463 is divided by 228.
95
What is the remainder when 421 is divided by 246?
175
Calculate the remainder when 1639 is divided by 22.
11
Calculate the remainder when 335 is divided by 68.
63
What is the remainder when 859 is divided by 41?
39
What is the remainder when 121 is divided by 37?
10
Calculate the remainder when 1784 is divided by 94.
92
Calculate the remainder when 285 is divided by 7.
5
Calculate the remainder when 115 is divided by 14.
3
What is the remainder when 23 is divided by 18?
5
Calculate the remainder when 92 is divided by 19.
16
Calculate the remainder when 406 is divided by 73.
41
What is the remainder when 169 is divided by 45?
34
What is the remainder when 222 is divided by 23?
15
Calculate the remainder when 179 is divided by 45.
44
What is the remainder when 31 is divided by 1?
0
What is the remainder when 82 is divided by 18?
10
Calculate the remainder when 95 is divided by 89.
6
Calculate the remainder when 1017 is divided by 34.
31
What is the remainder when 3167 is divided by 35?
17
Calculate the remainder when 197 is divided by 185.
12
What is the remainder when 117 is divided by 15?
12
Calculate the remainder when 738 is divided by 358.
22
What is the remainder when 127 is divided by 34?
25
Calculate the remainder when 1617 is divided by 162.
159
What is the remainder when 3324 is divided by 7?
6
What is the remainder when 542 is divided by 50?
42
What is the remainder when 510 is divided by 86?
80
Calculate the remainder when 1519 is divided by 19.
18
Calculate the remainder when 207 is divided by 45.
27
Calculate the remainder when 96 is divided by 72.
24
What is the remainder when 267 is divided by 67?
66
What is the remainder when 925 is divided by 235?
220
What is the remainder when 1754 is divided by 582?
8
What is the remainder when 1054 is divided by 4?
2
What is the remainder when 1408 is divided by 183?
127
What is the remainder when 402 is divided by 207?
195
What is the remainder when 59 is divided by 17?
8
What is the remainder when 2320 is divided by 15?
10
What is the remainder when 146 is divided by 4?
2
What is the remainder when 33 is divided by 9?
6
What is the remainder when 157 is divided by 33?
25
What is the remainder when 754 is divided by 376?
2
Calculate the remainder when 406 is divided by 134.
4
What is the remainder when 102 is divided by 31?
9
Calculate the remainder when 370 is divided by 176.
18
What is the remainder when 947 is divided by 295?
62
Calculate the remainder when 811 is divided by 48.
43
What is the remainder when 405 is divided by 53?
34
Calculate the remainder when 641 is divided by 17.
12
What is the remainder when 4148 is divided by 166?
164
Calculate the remainder when 1237 is divided by 29.
19
What is the remainder when 194 is divided by 33?
29
Calculate the remainder when 115 is divided by 43.
29
Calculate the remainder when 1760 is divided by 19.
12
What is the remainder when 2122 is divided by 112?
106
Calculate the remainder when 446 is divided by 168.
110
What is the remainder when 833 is divided by 38?
35
Calculate the remainder when 5 is divided by 5.
0
Calculate the remainder when 347 is divided by 9.
5
What is the remainder when 1170 is divided by 4?
2
What is the remainder when 809 is divided by 204?
197
Calculate the remainder when 2017 is divided by 43.
39
Calculate the remainder when 211 is divided by 50.
11
What is the remainder when 1703 is divided by 3?
2
What is the remainder when 243 is divided by 20?
3
Calculate the remainder when 168 is divided by 22.
14
What is the remainder when 831 is divided by 269?
24
What is the remainder when 186 is divided by 17?
16
What is the remainder when 1006 is divided by 30?
16
What is the remainder when 557 is divided by 114?
101
Calculate the remainder when 93 is divided by 80.
13
What is the remainder when 705 is divided by 6?
3
Calculate the remainder when 712 is divided by 23.
22
Calculate the remainder when 154 is divided by 31.
30
What is the remainder when 141 is divided by 27?
6
What is the remainder when 289 is divided by 74?
67
What is the remainder when 399 is divided by 91?
35
Calculate the remainder when 1536 is divided by 27.
24
What is the remainder when 219 is divided by 77?
65
Calculate the remainder when 388 is divided by 125.
13
Calculate the remainder when 558 is divided by 149.
111
What is the remainder when 22 is divided by 6?
4
What is the remainder when 2236 is divided by 48?
28
What is the remainder when 1332 is divided by 29?
27
Calculate the remainder when 326 is divided by 78.
14
Calculate the remainder when 133 is divided by 58.
17
What is the remainder when 485 is divided by 125?
110
What is the remainder when 173 is divided by 51?
20
Calculate the remainder when 694 is divided by 147.
106
What is the remainder when 19037 is divided by 57?
56
Calculate the remainder when 81 is divided by 20.
1
What is the remainder when 197 is divided by 94?
9
Calculate the remainder when 20302 is divided by 188.
186
Calculate the remainder when 252 is divided by 129.
123
Calculate the remainder when 1135 is divided by 560.
15
Calculate the remainder when 233 is divided by 123.
110
Calculate the remainder when 318 is divided by 13.
6
What is the remainder when 89 is divided by 86?
3
What is the remainder when 103 is divided by 66?
37
Calculate the remainder when 1439 is divided by 68.
11
What is the remainder when 140 is divided by 2?
0
What is the remainder when 406 is divided by 81?
1
What is the remainder when 1812 is divided by 201?
3
Calculate the remainder when 1423 is divided by 102.
97
Calculate the remainder when 3578 is divided by 26.
16
What is the remainder when 2599 is divided by 50?
49
Calculate the remainder when 1623 is divided by 97.
71
What is the remainder when 701 is divided by 59?
52
What is the remainder when 216 is divided by 3?
0
What is the remainder when 175 is divided by 4?
3
Calculate the remainder when 197 is divided by 37.
12
Calculate the remainder when 484 is divided by 49.
43
What is the remainder when 1184 is divided by 63?
50
Calculate the remainder when 44782 is divided by 13.
10
Calculate the remainder when 137 is divided by 78.
59
Calculate the remainder when 13 is divided by 8.
5
What is the remainder when 1235 is divided by 15?
5
Calculate the remainder when 337 is divided by 85.
82
What is the remainder when 71 is divided by 30?
11
What is the remainder when 5777 is divided by 54?
53
Calculate the remainder when 856 is divided by 29.
15
Calculate the remainder when 837 is divided by 160.
37
What is the remainder when 270 is divided by 244?
26
What is the remainder when 3955 is divided by 60?
55
What is the remainder when 16605 is divided by 38?
37
Calculate the remainder when 146 is divided by 79.
67
What is the remainder when 58 is divided by 16?
10
What is the remainder when 3269 is divided by 82?
71
What is the remainder when 596 is divided by 107?
61
Calculate the remainder when 115 is divided by 89.
26
What is the remainder when 111 is divided by 14?
13
What is the remainder when 35 is divided by 19?
16
What is the remainder when 172 is divided by 30?
22
What is the remainder when 412 is divided by 136?
4
What is the remainder when 487 is divided by 43?
14
Calculate the remainder when 580 is divided by 203.
174
Calculate the remainder when 1039 is divided by 116.
111
What is the remainder when 29 is divided by 17?
12
Calculate the remainder when 22 is divided by 9.
4
What is the remainder when 24077 is divided by 140?
137
What is the remainder when 641 is divided by 14?
11
Calculate the remainder when 102 is divided by 7.
4
Calculate the remainder when 1261 is divided by 181.
175
What is the remainder when 157 is divided by 146?
11
What is the remainder when 42 is divided by 17?
8
What is the remainder when 45 is divided by 23?
22
Calculate the remainder when 340 is divided by 7.
4
What is the remainder when 928 is divided by 186?
184
Calculate the remainder when 65 is divided by 17.
14
Calculate the remainder when 137 is divided by 114.
23
What is the 